nd 1216?
64
What is the greatest common factor of 28 and 6748?
28
What is the highest common factor of 3606 and 6?
6
Calculate the greatest common divisor of 51 and 4947.
51
What is the greatest common divisor of 690 and 60?
30
Calculate the greatest common divisor of 555 and 6549.
111
Calculate the highest common factor of 11233 and 47.
47
Calculate the greatest common divisor of 469 and 4757.
67
Calculate the highest common factor of 168 and 24.
24
What is the greatest common divisor of 16 and 72?
8
What is the highest common factor of 1853 and 17?
17
What is the greatest common divisor of 12 and 876?
12
What is the highest common divisor of 39 and 5382?
39
What is the highest common divisor of 14 and 1050?
14
Calculate the greatest common factor of 23 and 8.
1
What is the greatest common divisor of 115 and 9545?
115
What is the highest common divisor of 3 and 291?
3
Calculate the highest common divisor of 14 and 161.
7
Calculate the greatest common factor of 3 and 249.
3
What is the greatest common factor of 3 and 2103?
3
What is the greatest common factor of 6475 and 2275?
175
What is the highest common factor of 400 and 125?
25
Calculate the greatest common divisor of 902 and 328.
82
Calculate the greatest common divisor of 19 and 57.
19
What is the greatest common divisor of 4214 and 43?
43
What is the greatest common factor of 475 and 285?
95
What is the greatest common divisor of 138 and 46?
46
Calculate the greatest common factor of 578 and 136.
34
What is the highest common divisor of 18202 and 38?
38
What is the highest common divisor of 893 and 19?
19
What is the greatest common divisor of 258 and 7009?
43
Calculate the greatest common divisor of 70 and 160.
10
What is the highest common factor of 15989 and 118?
59
What is the greatest common factor of 98 and 3997?
7
What is the greatest common divisor of 288 and 180?
36
What is the greatest common divisor of 3852 and 54?
18
Calculate the greatest common factor of 10 and 115.
5
What is the greatest common factor of 1369 and 111?
37
Calculate the greatest common factor of 10 and 290.
10
What is the highest common divisor of 651 and 4?
1
What is the highest common divisor of 86996 and 26?
26
Calculate the highest common divisor of 7475 and 897.
299
What is the greatest common divisor of 2151 and 153?
9
What is the highest common divisor of 110 and 230?
10
What is the greatest common factor of 930 and 30?
30
What is the highest common factor of 49086 and 303?
303
Calculate the highest common factor of 6 and 642.
6
Calculate the greatest common factor of 4 and 162.
2
Calculate the greatest common factor of 14 and 1225.
7
What is the highest common factor of 4431 and 105?
21
What is the highest common divisor of 14812 and 28?
28
Calculate the greatest common divisor of 1825 and 73.
73
What is the highest common factor of 935 and 5?
5
Calculate the highest common divisor of 70 and 378.
14
What is the highest common factor of 51 and 141?
3
Calculate the highest common factor of 112 and 1288.
56
What is the greatest common divisor of 129 and 602?
43
Calculate the greatest common factor of 835 and 501.
167
What is the highest common factor of 128 and 6336?
64
What is the greatest common divisor of 11 and 451?
11
What is the greatest common factor of 50 and 1250?
50
Calculate the highest common divisor of 4 and 243.
1
What is the highest common divisor of 215 and 15?
5
Calculate the greatest common factor of 2168 and 8.
8
What is the greatest common factor of 3 and 159?
3
Calculate the greatest common factor of 66 and 330.
66
Calculate the highest common factor of 120 and 105.
15
What is the greatest common divisor of 24 and 1176?
24
Calculate the highest common factor of 20 and 105.
5
What is the highest common divisor of 323 and 17?
17
Calculate the highest common divisor of 2295 and 40.
5
What is the highest common divisor of 128 and 284?
4
What is the highest common factor of 1143 and 81?
9
Calculate the highest common divisor of 36 and 234.
18
Calculate the highest common divisor of 3 and 927.
3
What is the greatest common divisor of 279 and 9?
9
What is the highest common divisor of 989 and 1161?
43
Calculate the greatest common factor of 11218 and 142.
142
Calculate the greatest common factor of 2020 and 20.
20
What is the highest common factor of 2588 and 8?
4
Calculate the greatest common factor of 110 and 275.
55
Calculate the highest common factor of 640 and 40.
40
Calculate the greatest common factor of 4455 and 30.
15
What is the greatest common divisor of 2265 and 15?
15
Calculate the greatest common factor of 432 and 16.
16
Calculate the highest common factor of 3 and 147.
3
Calculate the highest common divisor of 1029 and 3.
3
Calculate the greatest common factor of 7 and 1183.
7
What is the greatest common divisor of 12 and 101100?
12
What is the highest common factor of 2109 and 1?
1
Calculate the highest common divisor of 111 and 222.
111
Calculate the greatest common divisor of 129 and 301.
43
Calculate the highest common divisor of 12 and 924.
12
What is the greatest common factor of 31 and 15345?
31
What is the highest common divisor of 7733 and 2717?
209
What is the highest common divisor of 450 and 1290?
30
What is the highest common divisor of 174 and 1218?
174
What is the greatest common factor of 30 and 21?
3
Calculate the highest common factor of 999 and 729.
27
Calculate the highest common divisor of 11 and 1287.
11
Calculate the greatest common factor of 2968 and 784.
56
What is the greatest common divisor of 125 and 545?
5
Calculate the highest common factor of 552 and 24.
24
What is the greatest common factor of 6566 and 392?
98
Calculate the greatest common factor of 9 and 27.
9
What is the highest common factor of 44 and 66?
22
What is the highest common factor of 2431 and 2288?
143
What is the greatest common divisor of 1053 and 39?
39
What is the greatest common factor of 590 and 30?
10
What is the greatest common factor of 7952 and 142?
142
What is the highest common divisor of 630 and 36?
18
Calculate the greatest common factor of 4067 and 98.
49
What is the greatest common divisor of 1045 and 1650?
55
What is the highest common divisor of 180 and 80?
20
Calculate the greatest common divisor of 88 and 8.
8
What is the greatest common factor of 20867 and 813?
271
What is the greatest common divisor of 2 and 649?
1
What is the greatest common factor of 462 and 294?
42
What is the greatest common factor of 73 and 1606?
73
What is the highest common divisor of 154 and 26686?
22
Calculate the highest common factor of 115 and 46.
23
Calculate the greatest common divisor of 1001 and 22.
11
What is the greatest common factor of 2431 and 1573?
143
What is the greatest common divisor of 14 and 133?
7
Calculate the greatest common divisor of 1134 and 42.
42
Calculate the greatest common factor of 4917 and 165.
33
What is the highest common divisor of 38 and 380?
38
What is the highest common divisor of 85 and 2125?
85
Calculate the highest common divisor of 154 and 14.
14
Calculate the greatest common divisor of 1550 and 372.
62
What is the greatest common factor of 140 and 8?
4
What is the highest common divisor of 225 and 720?
45
What is the greatest common divisor of 25 and 50?
25
Calculate the greatest common divisor of 105 and 645.
15
Calculate the greatest common factor of 9503 and 1547.
221
Calculate the greatest common factor of 88 and 187.
11
Calculate the highest common divisor of 175 and 45.
5
What is the highest common divisor of 3 and 8?
1
What is the greatest common divisor of 2387 and 77?
77
What is the highest common factor of 161 and 23?
23
What is the greatest common factor of 14108 and 4?
4
What is the greatest common factor of 4929 and 155?
31
Calculate the greatest common divisor of 6 and 45.
3
What is the highest common divisor of 28 and 1442?
14
Calculate the greatest common factor of 303 and 24.
3
Calculate the highest common divisor of 12696 and 48.
24
What is the greatest common divisor of 999 and 74?
37
What is the greatest common divisor of 595 and 170?
85
Calculate the highest common factor of 60 and 1770.
30
Calculate the greatest common divisor of 442 and 598.
26
Calculate the highest common divisor of 4 and 10.
2
Calculate the g